ivative of 0*h**3 + 0*h**2 - 1/60*h**5 + 1/6*h**4 - 1/720*h**6 + 0 + h. Let g(b) be the third derivative of s(b). Give g(-2).
0
Let k(g) = -g**3 + 9*g**2 + g - 5. Suppose -h + 18 = h - 5*y, 0 = 4*h + 2*y - 36. Determine k(h).
4
Suppose 3*d = 91 + 74. Let a be (-1)/3 - d/15. Let k(o) = -o - 3. Determine k(a).
1
Let u(v) = v**2 - 7*v + 1. Let l(x) = x**2 + 4*x - 2. Let o be l(-4). Let c be (-64)/(-11) - o/11. Calculate u(c).
-5
Let j(z) = -3*z - 2. Let a(u) = 4*u + 3. Let s(c) = -2*a(c) - 3*j(c). Calculate s(-2).
-2
Let u(w) = w - 10 + 20 - 11. What is u(-1)?
-2
Let p(l) be the first derivative of l**2 - 4*l + 7. Calculate p(6).
8
Suppose 11 = 8*h - 19*h. Let j(q) be the third derivative of -q**5/60 - 2*q**2. Determine j(h).
-1
Let l be (-2 - -3) + 6/2. Let h(s) = s**2 - 2*s - 5. Let q(f) be the first derivative of f**3/3 + f**2/2 + f + 8. Let u(i) = l*q(i) + h(i). Calculate u(1).
6
Let h(u) = 3*u + u**3 - 2429 + 2430 + u**2 - u. Let p = -3 - -1. Determine h(p).
-7
Let i be 0/((-2)/4*-4). Let g(a) = 3*a**2 + a**2 - a**3 + i*a**2 - 1 + 3 + 3*a. What is g(5)?
-8
Suppose p = -r + 38, 3*r - p - p = 99. Let s(n) = 3*n - 34*n**3 + r*n**3 - 6 + n + 7*n**2. Calculate s(-6).
6
Let r(i) = -8 - 7 - i + 0*i. Let s be r(-12). Let x(z) = -z. What is x(s)?
3
Let k = 4 - 6. Let x(c) be the third derivative of -c**5/60 + 5*c**4/24 + 4*c**3/3 - 3*c**2. Let b(j) = j + 1. Let g(h) = 6*b(h) - x(h). Calculate g(k).
0
Let a(f) = 5*f - 29. Let t(z) = 2*z - 10. Let s(r) = -6*a(r) + 17*t(r). Let q(h) = h**2 - h - 3. Let x be q(3). Suppose -x*n + 8*n = -15. Give s(n).
-8
Suppose r - 1 + 7 = 0. Let q = r - -6. Let w(l) = -l**2 - l - 9. Give w(q).
-9
Let h(b) = 1. Let j(x) = x**2 + 8. Let w(i) = -4*h(i) - j(i). Give w(0).
-12
Suppose 3*p = 4*p - 4. Let r(h) = 2 + 3 - p*h + 1 + 3*h. Let i(k) = k + 11. Let c be i(-5). Calculate r(c).
0
Let h(k) = 4*k - 2. Let z(y) = 13*y - 5. Suppose 2*p - 21 = 5*p. Let m(d) = p*h(d) + 2*z(d). Let r = 13 + -9. Calculate m(r).
-4
Let d(r) be the second derivative of -r**5/20 - r**4/3 - 2*r**3/3 - r**2 - 2*r. Suppose 2*o + 30 = -3*o. Let v = -9 - o. Give d(v).
1
Let w(b) = -b**3 + 2*b**2 - 2*b + 4. Suppose 0 = 3*t - 0*t + 24. Let c = -5 - t. Give w(c).
-11
Let c(z) be the first derivative of z**3/3 + 3*z**2/2 - z - 52. Suppose -4*t = 1 + 7. Give c(t).
-3
Let c(o) be the first derivative of -o**4/4 - 7*o**3/3 - 9*o**2/2 - 8*o + 2. Calculate c(-6).
10
Let c(f) be the second derivative of f**7/840 + f**6/180 - f**5/120 + f**4/8 + f**3/2 + 4*f. Let n(b) be the second derivative of c(b). Determine n(-3).
-3
Suppose 8 = 4*a, -a - 17 - 7 = 2*g. Let t = -10 - g. Let b(c) = -c**2 + 3*c - 1. What is b(t)?
-1
Let x = -54 + 59. Let p(q) = q. Give p(x).
5
Suppose -4*n = 3*n - 56. Let r(x) = -x**3 + 9*x**2 - 7*x - 9. Calculate r(n).
-1
Suppose 0 = 4*i - 0*i. Suppose a + 2*s + 6 = i, -2*a - 2*s + 5*s + 16 = 0. Let f(u) = -4 + 1 + 2*u + 1. Determine f(a).
2
Suppose -5*t - 1 + 1 = 0. Let s(o) = -o + 9. What is s(t)?
9
Let a(m) be the second derivative of -m**7/105 + m**6/360 - m**3/2 + 3*m. Let p(o) be the second derivative of a(o). What is p(-1)?
9
Let t(u) = -3*u - 1. Let b be t(-1). Let s be ((-2)/(-3))/(b/15). Let a(w) = -w - 5. Let j(k) = 4*k + 16. Let z(q) = 7*a(q) + 2*j(q). What is z(s)?
2
Let h(p) = p**3 + 4*p**2 + 4*p + 1. Let b(j) = -j**2 + 4*j + 1. Let k be b(4). Let m be k/2 + (-21)/6. Determine h(m).
-2
Let s = 0 + 9. Let k be (20/6)/(6/s). Let t(h) = 3*h - 2*h + 4 + h**2 - k. Give t(0).
-1
Let m be 45/20*-2 + 2/(-4). Let f(n) = n + 2. What is f(m)?
-3
Let p(c) be the first derivative of -c**4/4 - c**3/3 + 3*c**2/2 - 6. Let v = -6 + 3. Give p(v).
9
Let r(k) = -k - 5. Let f be (-3 + -1)/2 - 1. Let u be r(f). Let d = 7 + u. Let n(p) = p - 1. Determine n(d).
4
Let d(y) be the first derivative of y**3/3 - y**2/2 - 4*y - 6. Let g(i) = i**3 - 7*i**2 + 7*i - 3. Let c be g(6). Give d(c).
2
Let q be (-44)/10 - -6 - 6/(-15). Let u(f) be the first derivative of -f**3/3 - f**2 + f + 1. What is u(q)?
-7
Let a(u) be the first derivative of -4*u**2 + 8*u + 1. Let t(z) = 9*z - 9. Let i(l) = -6*a(l) - 5*t(l). Let v = -3 - -7. Give i(v).
9
Let b(i) be the third derivative of -i**4/24 - i**3 - 29*i**2. Let q be 4/10 - (-22)/(-5). What is b(q)?
-2
Let q be 16/9 + 10/45 + -3. Let m(b) = 9*b**2 + 2*b + 1. Calculate m(q).
8
Let u(m) = 3*m - 9. Suppose -32 - 3 = -5*i. Determine u(i).
12
Let c(k) be the first derivative of k**3/3 + 5*k**2/2 + 7*k + 25. Determine c(-5).
7
Let s(v) = -3*v**2 + 4*v - 2. Let l = 27 + -25. Give s(l).
-6
Let i(b) be the first derivative of -b**3/3 - b**2/2 + 8*b - 43. Give i(-6).
-22
Let k(f) be the third derivative of f**5/60 + 5*f**4/24 + 5*f**3/6 + 25*f**2. Let m be (-1)/(1/(-4)*-1). Calculate k(m).
1
Let h(z) = z**2 + 2*z - 2. Suppose 4*m + j - 2*j = -7, -2*m + 3*j = 1. Let v be 3/m*(-24)/18. Give h(v).
6
Let w(o) = o**3 - 7*o**2 + 7*o + 7. Let l = 12 - 6. Calculate w(l).
13
Suppose 12 = -6*s - 18. Let f(h) = h**3 + 6*h**2 + 3*h - 6. What is f(s)?
4
Let l(i) = 4*i - 1. Suppose 2*o - 4*o + 6 = 0. Let g be -6*o*4/24. Give l(g).
-13
Suppose 4*i - 2*i - 4*b = -16, -2*i - 4*b = -8. Let x(q) = -q**3 - q**2 + 4*q + 4. Let g be x(i). Let y(u) = u**2 + 11. Determine y(g).
11
Let j(f) be the first derivative of -5*f**2/2 - 2*f + 14. Determine j(-2).
8
Let d be 64/10 - (-6)/(-15). Suppose -3*w = 3*z, -5*w - d = 2*z + z. Let l(a) = a**2 - 2*a + 1. What is l(z)?
4
Let b(m) be the third derivative of 1/60*m**5 + 0*m + 0 + 2/3*m**3 - 2*m**2 + 1/24*m**4. Suppose k = -3*k. What is b(k)?
4
Let r be (-8)/24 + (-40)/(-3). Let a = -17 + r. Let k(q) = 2*q. Calculate k(a).
-8
Suppose -3*m - 4 = -5*m. Suppose -i - 12 = -4*i. Let x(o) = o**3 - o**2 + 4*o - 3*o**m - i*o. Give x(4).
0
Suppose -2*q = 3 - 1. Let p be 1/q + 0/10. Let a(z) = 5*z**3 + 2*z**2 + 2*z + 1. Determine a(p).
-4
Let k(a) be the first derivative of -a**4/4 + 3*a**2/2 + a + 11. Calculate k(-2).
3
Suppose -2*x + 0*x + 4 = 0. Let u(k) = x*k + k**2 - 3*k**2 - 2 + 2*k. Give u(2).
-2
Let y(a) be the third derivative of -a**5/60 - 5*a**4/24 + a**3/6 - 59*a**2. Determine y(-4).
5
Let g(l) = l + 1. Let b(o) = 5*o + 4. Let p(f) = 2*b(f) - 9*g(f). Determine p(2).
1
Let s(a) = -a**2 + 4*a - 4. Let f(n) = n**3 - 6*n**2 - 4*n - 16. Let x be f(7). Give s(x).
-9
Suppose t - 3*c + 2 = 0, -t - 6 = 5*c - 20. Suppose 0 = 4*n + t. Let i(h) = -10*h**3 + h. Determine i(n).
9
Let q = -7 - -9. Suppose 3*c - 2*n - 16 = 0, 21 = q*c - 4*c - 5*n. Let l(b) = -b**3 - c + b**2 - 4*b + 3*b**2 + 3. Determine l(3).
-2
Let h(o) = -2*o + 4. Let m be h(2). Let l(z) = -2 - 3*z + m*z**3 - 2 - 3*z + z**3 + 4*z**2. Give l(-5).
1
Let f(c) = -c**2 + c + 5. Let g(p) = 1. Let b(r) = f(r) - 4*g(r). Determine b(3).
-5
Let s(n) = n**2 - 3. Let y be s(-3). Let a(d) = 3*d**3 + 4 - 34*d**2 - 2*d**3 + 28*d**2. Let r be a(y). Let l(q) = -q**2 + 7*q - 6. Give l(r).
6
Let a = -5 - -11. Let b(o) = -3*o**3 + 5*o - 3*o**3 - 2*o**2 + 5*o**3 + 6 + 7*o**2. Give b(a).
0
Let v(t) be the third derivative of t**5/60 - t**4/3 + 2*t**3/3 + 2*t**2. Suppose -14 = -s - 2*s - d, 0 = 2*s - 5*d - 32. Give v(s).
-8
Let p(g) = 5*g**2 + 3*g - 1. Let q(o) = 6*o**2 + 3*o - 1. Let j = 7 + -27. Let t be (8/20)/((-2)/j). Let h(f) = t*q(f) - 5*p(f). Give h(-4).
-3
Let s(i) = 2*i - 5*i - 3*i + 4*i - 1 + 4*i**3. What is s(-1)?
-3
Let o(c) = 8*c**2 + 2 + c**2 + 4 + 9*c - c**3. Let i be o(10). Let x(k) = -k**3 - 3*k**2 + 3*k + 3. Determine x(i).
7
Let r(w) be the third derivative of -w**6/120 + w**5/10 + w**4/12 - 3*w**3/2 - 4*w**2. Determine r(6).
3
Let w(m) = 2*m**2 + 2*m + 3. Let k(d) = d + 2. Let o be k(4). Let f = 3 - o. What is w(f)?
15
Let k(y) = y + 8. Let r be k(-9). Let c(x) = 0*x - 8*x + x. Calculate c(r).
7
Let i(r) be the third derivative of r**6/120 + r**5/12 - r**4/24 - r**3/2 - r**2. Suppose s + 2*s = 2*c - 23, 0 = -s - c - 1. Calculate i(s).
2
Let r(u) = 4*u**2 + 2*u + 3. Suppose 5*q = -2*x + 7, 4*q + 4*x + 0 = -4. Let j(f) = f**2 + f - 1. Let i = -85 + 84. Let v(k) = i*r(k) + q*j(k). Give v(0).
-6
Let p(s) = s - 2. Let b = 23 - 28. Determine p(b).
-7
Let u(r) = r**2 + 8*r + 6. Let p be u(-7). Let q(w) be the third derivative of -w**5/30 - 4*w**2. Let d be q(p). Let f(t) = t**3 + 4*t**2 - 1. What is f(d)?
7
Let v(a) = 2*a**2 - 3*a. Suppose s = -3*h + 1, 0 = 5*h 